[INFO] fetching crate k256 0.4.2...
[INFO] checking k256-0.4.2 against master#cfbc6d4cf1acbac5c025acf8ed68929caa551df3 for pr-75494-beta
[INFO] extracting crate k256 0.4.2 into /workspace/builds/worker-11/source
[INFO] validating manifest of crates.io crate k256 0.4.2 on toolchain cfbc6d4cf1acbac5c025acf8ed68929caa551df3
[INFO] running `Command { std: "/workspace/cargo-home/bin/cargo" "+cfbc6d4cf1acbac5c025acf8ed68929caa551df3" "read-manifest" "--manifest-path" "Cargo.toml", kill_on_drop: false }`
[INFO] started tweaking crates.io crate k256 0.4.2
[INFO] finished tweaking crates.io crate k256 0.4.2
[INFO] tweaked toml for crates.io crate k256 0.4.2 written to /workspace/builds/worker-11/source/Cargo.toml
[INFO] running `Command { std: "/workspace/cargo-home/bin/cargo" "+cfbc6d4cf1acbac5c025acf8ed68929caa551df3" "generate-lockfile" "--manifest-path" "Cargo.toml" "-Zno-index-update", kill_on_drop: false }`
[INFO] running `Command { std: "/workspace/cargo-home/bin/cargo" "+cfbc6d4cf1acbac5c025acf8ed68929caa551df3" "fetch" "--locked" "--manifest-path" "Cargo.toml", kill_on_drop: false }`
[INFO] running `Command { std: "docker" "create" "-v" "/var/lib/crater-agent-workspace/builds/worker-11/target:/opt/rustwide/target:rw,Z" "-v" "/var/lib/crater-agent-workspace/builds/worker-11/source:/opt/rustwide/workdir:ro,Z" "-v" "/var/lib/crater-agent-workspace/cargo-home:/opt/rustwide/cargo-home:ro,Z" "-v" "/var/lib/crater-agent-workspace/rustup-home:/opt/rustwide/rustup-home:ro,Z" "-e" "SOURCE_DIR=/opt/rustwide/workdir" "-e" "CARGO_TARGET_DIR=/opt/rustwide/target" "-e" "CARGO_HOME=/opt/rustwide/cargo-home" "-e" "RUSTUP_HOME=/opt/rustwide/rustup-home" "-w" "/opt/rustwide/workdir" "-m" "1610612736" "--user" "0:0" "--network" "none" "rustops/crates-build-env@sha256:a636fd89d022f18117e1dc8fb37a0a009933cdbbe082814857f0e2024962d47c" "/opt/rustwide/cargo-home/bin/cargo" "+cfbc6d4cf1acbac5c025acf8ed68929caa551df3" "metadata" "--no-deps" "--format-version=1", kill_on_drop: false }`
[INFO] [stderr] WARNING: Your kernel does not support swap limit capabilities or the cgroup is not mounted. Memory limited without swap.
[INFO] [stdout] b146383db3b1c606636215b3d812f3c4743e1f00fe4dc3184c1eb464fd526816
[INFO] running `Command { std: "docker" "start" "-a" "b146383db3b1c606636215b3d812f3c4743e1f00fe4dc3184c1eb464fd526816", kill_on_drop: false }`
[INFO] running `Command { std: "docker" "inspect" "b146383db3b1c606636215b3d812f3c4743e1f00fe4dc3184c1eb464fd526816", kill_on_drop: false }`
[INFO] running `Command { std: "docker" "rm" "-f" "b146383db3b1c606636215b3d812f3c4743e1f00fe4dc3184c1eb464fd526816", kill_on_drop: false }`
[INFO] [stdout] b146383db3b1c606636215b3d812f3c4743e1f00fe4dc3184c1eb464fd526816
[INFO] running `Command { std: "docker" "create" "-v" "/var/lib/crater-agent-workspace/builds/worker-11/target:/opt/rustwide/target:rw,Z" "-v" "/var/lib/crater-agent-workspace/builds/worker-11/source:/opt/rustwide/workdir:ro,Z" "-v" "/var/lib/crater-agent-workspace/cargo-home:/opt/rustwide/cargo-home:ro,Z" "-v" "/var/lib/crater-agent-workspace/rustup-home:/opt/rustwide/rustup-home:ro,Z" "-e" "SOURCE_DIR=/opt/rustwide/workdir" "-e" "CARGO_TARGET_DIR=/opt/rustwide/target" "-e" "CARGO_INCREMENTAL=0" "-e" "RUST_BACKTRACE=full" "-e" "RUSTFLAGS=--cap-lints=forbid" "-e" "CARGO_HOME=/opt/rustwide/cargo-home" "-e" "RUSTUP_HOME=/opt/rustwide/rustup-home" "-w" "/opt/rustwide/workdir" "-m" "1610612736" "--user" "0:0" "--network" "none" "rustops/crates-build-env@sha256:a636fd89d022f18117e1dc8fb37a0a009933cdbbe082814857f0e2024962d47c" "/opt/rustwide/cargo-home/bin/cargo" "+cfbc6d4cf1acbac5c025acf8ed68929caa551df3" "check" "--frozen" "--all" "--all-targets" "--message-format=json", kill_on_drop: false }`
[INFO] [stdout] b79df47629e8ba1bcf6d82504655102ddba5d667896eceae2d844f0d99b87e57
[INFO] [stderr] WARNING: Your kernel does not support swap limit capabilities or the cgroup is not mounted. Memory limited without swap.
[INFO] running `Command { std: "docker" "start" "-a" "b79df47629e8ba1bcf6d82504655102ddba5d667896eceae2d844f0d99b87e57", kill_on_drop: false }`
[INFO] [stderr]    Compiling libc v0.2.76
[INFO] [stderr]    Compiling byteorder v1.3.4
[INFO] [stderr]    Compiling memchr v2.3.3
[INFO] [stderr]    Compiling ryu v1.0.5
[INFO] [stderr]    Compiling version_check v0.9.2
[INFO] [stderr]    Compiling bitflags v1.2.1
[INFO] [stderr]     Checking ppv-lite86 v0.2.9
[INFO] [stderr]     Checking either v1.6.0
[INFO] [stderr]    Compiling serde_json v1.0.57
[INFO] [stderr]     Checking itoa v0.4.6
[INFO] [stderr]    Compiling syn v1.0.39
[INFO] [stderr]     Checking remove_dir_all v0.5.3
[INFO] [stderr]     Checking const-oid v0.1.0
[INFO] [stderr]     Checking unicode-width v0.1.8
[INFO] [stderr]     Checking fnv v1.0.7
[INFO] [stderr]     Checking signature v1.2.2
[INFO] [stderr]    Compiling crossbeam-utils v0.7.2
[INFO] [stderr]    Compiling num-traits v0.2.12
[INFO] [stderr]    Compiling memoffset v0.5.5
[INFO] [stderr]    Compiling crossbeam-epoch v0.8.2
[INFO] [stderr]    Compiling num-integer v0.1.43
[INFO] [stderr]    Compiling rayon v1.3.1
[INFO] [stderr]    Compiling num-bigint v0.3.0
[INFO] [stderr]     Checking regex v1.3.9
[INFO] [stderr]    Compiling hex-literal-impl v0.2.2
[INFO] [stderr]     Checking textwrap v0.11.0
[INFO] [stderr]     Checking itertools v0.9.0
[INFO] [stderr]     Checking serde_cbor v0.11.1
[INFO] [stderr]     Checking clap v2.33.3
[INFO] [stderr]    Compiling generic-array v0.14.4
[INFO] [stderr]     Checking crossbeam-queue v0.2.3
[INFO] [stderr]     Checking csv-core v0.1.10
[INFO] [stderr]     Checking hex-literal v0.2.1
[INFO] [stderr]     Checking regex-automata v0.1.9
[INFO] [stderr]     Checking crossbeam-deque v0.7.3
[INFO] [stderr]     Checking criterion-plot v0.4.3
[INFO] [stderr]     Checking getrandom v0.1.14
[INFO] [stderr]     Checking num_cpus v1.13.0
[INFO] [stderr]     Checking wait-timeout v0.2.0
[INFO] [stderr]     Checking atty v0.2.14
[INFO] [stderr]     Checking elliptic-curve v0.5.0
[INFO] [stderr]     Checking bstr v0.2.13
[INFO] [stderr]     Checking rayon-core v1.7.1
[INFO] [stderr]     Checking ecdsa v0.7.2
[INFO] [stderr]     Checking k256 v0.4.2 (/opt/rustwide/workdir)
[INFO] [stderr]     Checking rand_core v0.5.1
[INFO] [stderr]     Checking tinytemplate v1.1.0
[INFO] [stderr]     Checking rand_chacha v0.2.2
[INFO] [stderr]     Checking rand_xorshift v0.2.0
[INFO] [stderr]     Checking plotters v0.2.15
[INFO] [stderr]     Checking rand v0.7.3
[INFO] [stderr]     Checking csv v1.1.3
[INFO] [stderr]     Checking tempfile v3.1.0
[INFO] [stderr]     Checking rusty-fork v0.3.0
[INFO] [stderr]     Checking proptest v0.10.1
[INFO] [stderr]    Compiling serde_derive v1.0.115
[INFO] [stderr]     Checking criterion v0.3.3
[INFO] [stdout] error[E0432]: unresolved import `k256::FieldElement`
[INFO] [stdout]  --> bench/bench.rs:5:12
[INFO] [stdout]   |
[INFO] [stdout] 5 | use k256::{FieldElement, ProjectivePoint, Scalar};
[INFO] [stdout]   |            ^^^^^^^^^^^^ no `FieldElement` in the root
[INFO] [stdout] 
[INFO] [stdout] 
[INFO] [stdout] error[E0599]: no function or associated item named `from_bytes` found for struct `k256::Scalar` in the current scope
[INFO] [stdout]  --> bench/bench.rs:8:13
[INFO] [stdout]   |
[INFO] [stdout] 8 |     Scalar::from_bytes(&[
[INFO] [stdout]   |             ^^^^^^^^^^ function or associated item not found in `k256::Scalar`
[INFO] [stdout]   |
[INFO] [stdout]   = help: items from traits can only be used if the trait is in scope
[INFO] [stdout] help: the following trait is implemented but not in scope; perhaps add a `use` for it:
[INFO] [stdout]   |
[INFO] [stdout] 1 | use k256::elliptic_curve::FromBytes;
[INFO] [stdout]   |
[INFO] [stdout] help: there is an associated function with a similar name
[INFO] [stdout]   |
[INFO] [stdout] 8 |     Scalar::to_bytes(&[
[INFO] [stdout]   |             ^^^^^^^^
[INFO] [stdout] 
[INFO] [stdout] 
[INFO] [stdout] error[E0599]: no function or associated item named `from_bytes` found for struct `k256::Scalar` in the current scope
[INFO] [stdout]   --> bench/bench.rs:17:13
[INFO] [stdout]    |
[INFO] [stdout] 17 |     Scalar::from_bytes(&[
[INFO] [stdout]    |             ^^^^^^^^^^ function or associated item not found in `k256::Scalar`
[INFO] [stdout]    |
[INFO] [stdout]    = help: items from traits can only be used if the trait is in scope
[INFO] [stdout] help: the following trait is implemented but not in scope; perhaps add a `use` for it:
[INFO] [stdout]    |
[INFO] [stdout] 1  | use k256::elliptic_curve::FromBytes;
[INFO] [stdout]    |
[INFO] [stdout] help: there is an associated function with a similar name
[INFO] [stdout]    |
[INFO] [stdout] 17 |     Scalar::to_bytes(&[
[INFO] [stdout]    |             ^^^^^^^^
[INFO] [stdout] 
[INFO] [stdout] 
[INFO] [stdout] error[E0599]: no function or associated item named `from_bytes` found for struct `k256::Scalar` in the current scope
[INFO] [stdout]   --> bench/bench.rs:29:21
[INFO] [stdout]    |
[INFO] [stdout] 29 |     let s = Scalar::from_bytes(m[..].try_into().unwrap()).unwrap();
[INFO] [stdout]    |                     ^^^^^^^^^^ function or associated item not found in `k256::Scalar`
[INFO] [stdout]    |
[INFO] [stdout]    = help: items from traits can only be used if the trait is in scope
[INFO] [stdout] help: the following trait is implemented but not in scope; perhaps add a `use` for it:
[INFO] [stdout]    |
[INFO] [stdout] 1  | use k256::elliptic_curve::FromBytes;
[INFO] [stdout]    |
[INFO] [stdout] help: there is an associated function with a similar name
[INFO] [stdout]    |
[INFO] [stdout] 29 |     let s = Scalar::to_bytes(m[..].try_into().unwrap()).unwrap();
[INFO] [stdout]    |                     ^^^^^^^^
[INFO] [stdout] 
[INFO] [stdout] 
[INFO] [stdout] error: aborting due to 4 previous errors
[INFO] [stdout] 
[INFO] [stdout] 
[INFO] [stdout] Some errors have detailed explanations: E0432, E0599.
[INFO] [stdout] 
[INFO] [stdout] For more information about an error, try `rustc --explain E0432`.
[INFO] [stdout] 
[INFO] [stderr] error: could not compile `k256`.
[INFO] [stderr] 
[INFO] [stderr] To learn more, run the command again with --verbose.
[INFO] [stderr] warning: build failed, waiting for other jobs to finish...
[INFO] [stderr] error: build failed
[INFO] running `Command { std: "docker" "inspect" "b79df47629e8ba1bcf6d82504655102ddba5d667896eceae2d844f0d99b87e57", kill_on_drop: false }`
[INFO] running `Command { std: "docker" "rm" "-f" "b79df47629e8ba1bcf6d82504655102ddba5d667896eceae2d844f0d99b87e57", kill_on_drop: false }`
[INFO] [stdout] b79df47629e8ba1bcf6d82504655102ddba5d667896eceae2d844f0d99b87e57
